umber?
True
Is 3411839 a prime number?
True
Is 1780001 a composite number?
False
Is 10571293 a composite number?
True
Is 13807931 a prime number?
False
Is 3839483 a prime number?
False
Is 516047 composite?
True
Is 21401081 a composite number?
True
Is 29399177 prime?
False
Is 617329 a prime number?
False
Is 56080097 a prime number?
True
Is 133919 prime?
True
Is 68979721 composite?
True
Is 3451037 a prime number?
False
Is 101745269 composite?
True
Is 48166229 composite?
True
Is 324211513 prime?
True
Is 89765401 a composite number?
True
Is 45262849 a composite number?
True
Is 30170149 a prime number?
True
Is 4680902 prime?
False
Is 3687053 a prime number?
False
Is 10126019 prime?
True
Is 15151967 a composite number?
True
Is 1270673 a composite number?
True
Is 203465 composite?
True
Is 130381157 a composite number?
False
Is 37799141 prime?
False
Is 24678539 a prime number?
True
Is 88469218 composite?
True
Is 186283731 a composite number?
True
Is 1134541 a composite number?
False
Is 4660889 composite?
False
Is 1029403 composite?
False
Is 470437417 a composite number?
False
Is 242828407 a prime number?
True
Is 9035321 a prime number?
True
Is 1323209 a prime number?
False
Is 45423533 prime?
False
Is 6689869 composite?
False
Is 2743043 a prime number?
True
Is 14514047 a composite number?
False
Is 1282343 composite?
False
Is 12653023 composite?
False
Is 92424062 prime?
False
Is 888313 prime?
True
Is 40098647 prime?
True
Is 26006947 a prime number?
True
Is 458844761 composite?
False
Is 123971767 a composite number?
False
Is 859513 a composite number?
False
Is 3007763 a prime number?
False
Is 61470037 a composite number?
False
Is 20803487 composite?
False
Is 11330491 prime?
True
Is 100566797 prime?
False
Is 32638621 composite?
False
Is 15075509 a prime number?
False
Is 62018531 prime?
True
Is 30933059 prime?
True
Is 640450711 prime?
False
Is 546061 prime?
False
Is 76437037 prime?
False
Is 318761483 a composite number?
True
Is 36665043 composite?
True
Is 15401209 a composite number?
False
Is 40067497 composite?
False
Is 330702913 a composite number?
False
Is 196111 a composite number?
False
Is 310222151 composite?
False
Is 1220111 a prime number?
False
Is 9949829 a prime number?
True
Is 7001979 composite?
True
Is 11969993 prime?
False
Is 198344213 composite?
False
Is 1210429 a prime number?
False
Is 267271969 a composite number?
False
Is 109673 a composite number?
False
Is 5251229 a prime number?
True
Is 152722291 a composite number?
False
Is 70593 a composite number?
True
Is 67783 a composite number?
False
Is 6673273 composite?
False
Is 192798733 prime?
True
Is 18842441 composite?
True
Is 31150499 composite?
True
Is 9138583 a prime number?
False
Is 3911287 prime?
False
Is 692194493 a composite number?
False
Is 13241047 a prime number?
True
Is 1252987 prime?
True
Is 157860047 a composite number?
False
Is 11446243 a composite number?
False
Is 123832531 composite?
False
Is 2940701 a prime number?
False
Is 925467 composite?
True
Is 1369147 a prime number?
False
Is 25371347 a composite number?
True
Is 120279569 a composite number?
True
Is 3227353 composite?
False
Is 76362661 a composite number?
False
Is 79974229 composite?
False
Is 422903 composite?
True
Is 32431481 a composite number?
True
Is 4321385 composite?
True
Is 2926043 a prime number?
False
Is 15699913 composite?
False
Is 37354129 composite?
True
Is 18991747 prime?
False
Is 21739523 a prime number?
False
Is 3209341 a composite number?
False
Is 142289741 composite?
True
Is 248761277 prime?
False
Is 76803949 composite?
False
Is 311279 prime?
True
Is 48210127 a composite number?
True
Is 273207817 a prime number?
False
Is 1496227 prime?
True
Is 153221779 a composite number?
False
Is 602324053 a prime number?
True
Is 16775639 a prime number?
True
Is 225371 composite?
False
Is 6761197 prime?
True
Is 1668763 a composite number?
True
Is 1282415 prime?
False
Is 272273297 composite?
True
Is 9315053 a prime number?
False
Is 344875079 prime?
True
Is 59517173 a prime number?
True
Is 9990551 a composite number?
False
Is 44986583 a prime number?
True
Is 56197039 a prime number?
True
Is 59784383 a prime number?
False
Is 161733893 a composite number?
False
Is 707935 a composite number?
True
Is 7799543 a prime number?
True
Is 412333 a prime number?
True
Is 567157 prime?
False
Is 6447983 composite?
False
Is 35013661 a prime number?
False
Is 7082791 prime?
False
Is 273397459 prime?
True
Is 3704563 a composite number?
True
Is 6327569 a composite number?
False
Is 6196363 a prime number?
True
Is 325055753 prime?
False
Is 4857997 a composite number?
False
Is 145661 a composite number?
False
Is 4280569 prime?
False
Is 13647119 prime?
False
Is 95286641 prime?
False
Is 22702159 composite?
True
Is 493243 composite?
False
Is 53987 composite?
False
Is 902773 prime?
False
Is 29224631 prime?
True
Is 74359121 a prime number?
True
Is 7937689 a prime number?
False
Is 110788441 composite?
False
Is 113415817 composite?
False
Is 27394639 a prime number?
False
Is 14553769 a composite number?
True
Is 5534051 prime?
True
Is 7311151 prime?
False
Is 29536537 prime?
True
Is 17098381 a prime number?
False
Is 3207877 a composite number?
True
Is 129346501 prime?
False
Is 7175567 prime?
False
Is 6182161 composite?
False
Is 753223 prime?
False
Is 9817835 a prime number?
False
Is 2150639 composite?
False
Is 3560339 composite?
False
Is 3516787 a composite number?
False
Is 932189051 prime?
False
Is 240668767 composite?
True
Is 13970911 a composite number?
True
Is 896057 prime?
False
Is 126164381 prime?
False
Is 96880907 a prime number?
True
Is 71069051 a prime number?
True
Is 11253863 prime?
True
Is 20808286 a composite number?
True
Is 27812621 a prime number?
False
Is 45578603 a composite number?
True
Is 7975141 a prime number?
False
Is 1986653 a composite number?
True
Is 17336663 a composite number?
False
Is 50713361 prime?
True
Is 1225753 a prime number?
False
Is 754379431 a composite number?
True
Is 71352041 composite?
False
Is 17035033 prime?
False
Is 30238513 a prime number?
True
Is 1999001 a prime number?
False
Is 5458543 prime?
True
Is 36253951 prime?
True
Is 1301161 prime?
False
Is 2003409037 prime?
False
Is 1409101 a prime number?
True
Is 13446941 composite?
True
Is 700195501 prime?
True
Is 320828141 a prime number?
False
Is 178316029 prime?
True
Is 1448087 a composite number?
False
Is 696089 composite?
True
Is 647833145 prime?
False
Is 47008667 composite?
False
Is 18113863 a prime number?
False
Is 43565461 composite?
True
Is 146428357 prime?
True
Is 190387495 a prime number?
False
Is 382879819 prime?
False
Is 1805957 a composite number?
True
Is 1793821961 composite?
False
Is 493763263 a prime number?
False
Is 7915127 composite?
True
Is 1805681 a composite number?
True
Is 4566377 a composite number?
False
Is 662297 a composite number?
True
Is 421381 a composite number?
False
Is 2637781 a prime number?
False
Is 2275901 prime?
False
Is 602377903 prime?
False
Is 13802743 a prime number?
False
Is 9106231 a prime number?
True
Is 46375369 a prime number?
False
Is 12165893 prime?
True
Is 2786779 composite?
False
Is 411778789 prime?
True
Is 172879 composite?
True
Is 38316131 composite?
True
Is 35908391 a composite number?
False
Is 10907363 composite?
True
Is 25152973 a composite number?
True
Is 128266199 a prime number?
True
Is 94575253 a composite number?
False
Is 1569133 prime?
False
Is 12763897 a prime number?
True
Is 238383641 a prime number?
True
Is 3981073 composite?
True
Is 23329159 a prime number?
False
Is 7777817 prime?
False
Is 138392659 prime?
True
Is 105953291 a composite number?
True
Is 43257233 composite?
True
Is 141920731 a composite number?
False
Is 3088121 composite?
False
Is 10457053 prime?
False
Is 24477137 prime?
True
Is 12161177 composite?
True
Is 579794987 composite?
False
Is 109290673 a composite number?
True
Is 405438667 a composite number?
False
Is 245981339 a composite number?
True
Is 9099719 a prime number?
True
Is 11870719 prime?
False
Is 12300857 a prime number?
True
Is 233290061 composite?
False
Is 3146963 a composite number?
True
Is 10996679 a composite number?
False
Is 29902537 a composite number?
True
Is 2826805 prime?
False
Is 57872357 a prime number?
False
Is 10265441 composite?
False
Is 34609489 a composite n